{"id":601,"date":"2019-09-13T16:15:49","date_gmt":"2019-09-13T14:15:49","guid":{"rendered":"https:\/\/lortance.fr\/?page_id=601"},"modified":"2020-11-13T22:04:38","modified_gmt":"2020-11-13T21:04:38","slug":"mentions-legales","status":"publish","type":"page","link":"https:\/\/lortance.fr\/?page_id=601","title":{"rendered":"Mentions l\u00e9gales"},"content":{"rendered":"\n<p>Le site internet lortance.fr est \u00e9dit\u00e9 par&nbsp;\u00c9l\u00e9onore et Constance J\u00c9R\u00d4ME, pour le compte de l&rsquo;Ortance Atelier immatricul\u00e9e au Registre du Commerce et des Soci\u00e9t\u00e9s de Paris sous le num\u00e9ro 879 479 962&nbsp;&nbsp;R.C.S.&nbsp;BEAUVAIS dont le si\u00e8ge social est situ\u00e9 100 Rue du G\u00e9n\u00e9ral de Gaulle (60510) \u00e0 La Neuville en Hez.<\/p>\n\n\n\n<p>Pour toute demande concernant le site internet\u00a0<strong>lortance.fr<\/strong>, vous pouvez nous contacter par e-mail \u00e0\u00a0<strong>atelier@lortance.fr<\/strong><\/p>\n\n\n\n<p>Les\ndirectrices de la publication sont&nbsp;\u00c9l\u00e9onore et Constance J\u00c9R\u00d4ME.<\/p>\n\n\n\n<p>Le\npr\u00e9sent site internet est h\u00e9berg\u00e9 par&nbsp;OVH, SAS au\ncapital de 10 069 020 \u20ac<br>\nRCS Lille M\u00e9tropole 424 761 419 00045<br>\nCode APE 2620Z &#8211; N\u00b0 TVA : FR 22 424 761 419<br>\nSi\u00e8ge social : 2 rue Kellermann &#8211; 59100 Roubaix &#8211; France<\/p>\n","protected":false},"excerpt":{"rendered":"<p>Le site internet lortance.fr est \u00e9dit\u00e9 par&nbsp;\u00c9l\u00e9onore et Constance J\u00c9R\u00d4ME, pour le compte de l&rsquo;Ortance Atelier immatricul\u00e9e au Registre du Commerce et des Soci\u00e9t\u00e9s de Paris sous le num\u00e9ro 879 479 962&nbsp;&nbsp;R.C.S.&nbsp;BEAUVAIS dont le si\u00e8ge social est situ\u00e9 100 Rue du G\u00e9n\u00e9ral de Gaulle (60510) \u00e0 La Neuville en Hez. Pour toute demande concernant le [&hellip;]<\/p>\n","protected":false},"author":1,"featured_media":0,"parent":0,"menu_order":0,"comment_status":"closed","ping_status":"closed","template":"","meta":{"_seopress_robots_primary_cat":"","_seopress_titles_title":"","_seopress_titles_desc":"","_seopress_robots_index":"","footnotes":""},"class_list":["post-601","page","type-page","status-publish","hentry"],"_links":{"self":[{"href":"https:\/\/lortance.fr\/index.php?rest_route=\/wp\/v2\/pages\/601","targetHints":{"allow":["GET"]}}],"collection":[{"href":"https:\/\/lortance.fr\/index.php?rest_route=\/wp\/v2\/pages"}],"about":[{"href":"https:\/\/lortance.fr\/index.php?rest_route=\/wp\/v2\/types\/page"}],"author":[{"embeddable":true,"href":"https:\/\/lortance.fr\/index.php?rest_route=\/wp\/v2\/users\/1"}],"replies":[{"embeddable":true,"href":"https:\/\/lortance.fr\/index.php?rest_route=%2Fwp%2Fv2%2Fcomments&post=601"}],"version-history":[{"count":5,"href":"https:\/\/lortance.fr\/index.php?rest_route=\/wp\/v2\/pages\/601\/revisions"}],"predecessor-version":[{"id":10583,"href":"https:\/\/lortance.fr\/index.php?rest_route=\/wp\/v2\/pages\/601\/revisions\/10583"}],"wp:attachment":[{"href":"https:\/\/lortance.fr\/index.php?rest_route=%2Fwp%2Fv2%2Fmedia&parent=601"}],"curies":[{"name":"wp","href":"https:\/\/api.w.org\/{rel}","templated":true}]}}