{"id":4840,"date":"2020-01-26T17:50:53","date_gmt":"2020-01-26T16:50:53","guid":{"rendered":"https:\/\/lortance.fr\/?post_type=product&#038;p=4840"},"modified":"2020-07-26T11:11:51","modified_gmt":"2020-07-26T09:11:51","slug":"lily-argent","status":"publish","type":"product","link":"https:\/\/lortance.fr\/?product=lily-argent","title":{"rendered":"Lily Argent"},"content":{"rendered":"","protected":false},"excerpt":{"rendered":"<p><span style=\"font-size: 1.25rem;\">Cr\u00e9oles 4cm de diam\u00e8tre en argent avec pastilles en nacre et petites fleurs en argent !<\/span><\/p>\n<p>Fins, modernes et frais !<\/p>\n<p><span style=\"font-size: 1.25rem;\">Bijou livr\u00e9 dans un petit pochon. L&rsquo;argent r\u00e9siste \u00e0 l\u2019eau.<\/span><\/p>\n","protected":false},"featured_media":4841,"template":"","meta":{"_seopress_robots_primary_cat":"","_seopress_titles_title":"","_seopress_titles_desc":"","_seopress_robots_index":""},"product_brand":[],"product_cat":[61,36,127],"product_tag":[],"class_list":{"0":"post-4840","1":"product","2":"type-product","3":"status-publish","4":"has-post-thumbnail","6":"product_cat-argent","7":"product_cat-bijoux","8":"product_cat-bo-argent","10":"first","11":"instock","12":"purchasable","13":"product-type-simple"},"_links":{"self":[{"href":"https:\/\/lortance.fr\/index.php?rest_route=\/wp\/v2\/product\/4840","targetHints":{"allow":["GET"]}}],"collection":[{"href":"https:\/\/lortance.fr\/index.php?rest_route=\/wp\/v2\/product"}],"about":[{"href":"https:\/\/lortance.fr\/index.php?rest_route=\/wp\/v2\/types\/product"}],"wp:featuredmedia":[{"embeddable":true,"href":"https:\/\/lortance.fr\/index.php?rest_route=\/wp\/v2\/media\/4841"}],"wp:attachment":[{"href":"https:\/\/lortance.fr\/index.php?rest_route=%2Fwp%2Fv2%2Fmedia&parent=4840"}],"wp:term":[{"taxonomy":"product_brand","embeddable":true,"href":"https:\/\/lortance.fr\/index.php?rest_route=%2Fwp%2Fv2%2Fproduct_brand&post=4840"},{"taxonomy":"product_cat","embeddable":true,"href":"https:\/\/lortance.fr\/index.php?rest_route=%2Fwp%2Fv2%2Fproduct_cat&post=4840"},{"taxonomy":"product_tag","embeddable":true,"href":"https:\/\/lortance.fr\/index.php?rest_route=%2Fwp%2Fv2%2Fproduct_tag&post=4840"}],"curies":[{"name":"wp","href":"https:\/\/api.w.org\/{rel}","templated":true}]}}