{"id":4868,"date":"2020-01-26T18:25:25","date_gmt":"2020-01-26T17:25:25","guid":{"rendered":"https:\/\/lortance.fr\/?post_type=product&#038;p=4868"},"modified":"2022-02-17T15:36:04","modified_gmt":"2022-02-17T14:36:04","slug":"solene-argent-t2","status":"publish","type":"product","link":"https:\/\/lortance.fr\/?product=solene-argent-t2","title":{"rendered":"Sol\u00e8ne &#8211; Argent"},"content":{"rendered":"","protected":false},"excerpt":{"rendered":"<p>Boucles d&rsquo;oreilles \u00e0 clous en argent.<\/p>\n<p>Les boucles sont livr\u00e9es dans un petit pochon. L&rsquo;argent r\u00e9siste \u00e0 l&rsquo;eau.<\/p>\n<ul>\n<li>Moyen mod\u00e8le 11 mm de diam\u00e8tre ;<\/li>\n<li>Petit mod\u00e8le : 08 mm de diam\u00e8tre.<\/li>\n<\/ul>\n","protected":false},"featured_media":13012,"template":"","meta":{"_seopress_robots_primary_cat":"none","_seopress_titles_title":"","_seopress_titles_desc":"","_seopress_robots_index":""},"product_brand":[],"product_cat":[61,36,38,127,174],"product_tag":[],"class_list":{"0":"post-4868","1":"product","2":"type-product","3":"status-publish","4":"has-post-thumbnail","6":"product_cat-argent","7":"product_cat-bijoux","8":"product_cat-bo","9":"product_cat-bo-argent","10":"product_cat-nos-essentiels","12":"first","13":"instock","14":"purchasable","15":"product-type-variable"},"_links":{"self":[{"href":"https:\/\/lortance.fr\/index.php?rest_route=\/wp\/v2\/product\/4868","targetHints":{"allow":["GET"]}}],"collection":[{"href":"https:\/\/lortance.fr\/index.php?rest_route=\/wp\/v2\/product"}],"about":[{"href":"https:\/\/lortance.fr\/index.php?rest_route=\/wp\/v2\/types\/product"}],"wp:featuredmedia":[{"embeddable":true,"href":"https:\/\/lortance.fr\/index.php?rest_route=\/wp\/v2\/media\/13012"}],"wp:attachment":[{"href":"https:\/\/lortance.fr\/index.php?rest_route=%2Fwp%2Fv2%2Fmedia&parent=4868"}],"wp:term":[{"taxonomy":"product_brand","embeddable":true,"href":"https:\/\/lortance.fr\/index.php?rest_route=%2Fwp%2Fv2%2Fproduct_brand&post=4868"},{"taxonomy":"product_cat","embeddable":true,"href":"https:\/\/lortance.fr\/index.php?rest_route=%2Fwp%2Fv2%2Fproduct_cat&post=4868"},{"taxonomy":"product_tag","embeddable":true,"href":"https:\/\/lortance.fr\/index.php?rest_route=%2Fwp%2Fv2%2Fproduct_tag&post=4868"}],"curies":[{"name":"wp","href":"https:\/\/api.w.org\/{rel}","templated":true}]}}