{"id":9093,"date":"2020-05-01T09:46:51","date_gmt":"2020-05-01T07:46:51","guid":{"rendered":"https:\/\/lortance.fr\/?post_type=product&#038;p=9093"},"modified":"2020-07-26T11:00:27","modified_gmt":"2020-07-26T09:00:27","slug":"heidi","status":"publish","type":"product","link":"https:\/\/lortance.fr\/?product=heidi","title":{"rendered":"Heidi"},"content":{"rendered":"","protected":false},"excerpt":{"rendered":"<p><span style=\"font-size: 1.25rem;\">Cr\u00e9oles 40mm de diam\u00e8tre en plaqu\u00e9 or avec fleurs en nacre et billes stri\u00e9es !<\/span><\/p>\n<p>Fins, modernes &amp; frais !<\/p>\n<p><span style=\"font-size: 1.25rem;\">Bijou livr\u00e9 dans un petit pochon. Le plaqu\u00e9 or r\u00e9siste \u00e0 l\u2019eau.<\/span><\/p>\n","protected":false},"featured_media":9095,"template":"","meta":{"_seopress_robots_primary_cat":"","_seopress_titles_title":"","_seopress_titles_desc":"","_seopress_robots_index":""},"product_brand":[],"product_cat":[36,38,126,62],"product_tag":[],"class_list":{"0":"post-9093","1":"product","2":"type-product","3":"status-publish","4":"has-post-thumbnail","6":"product_cat-bijoux","7":"product_cat-bo","8":"product_cat-bo-or","9":"product_cat-plaqueor","11":"first","12":"instock","13":"purchasable","14":"product-type-simple"},"_links":{"self":[{"href":"https:\/\/lortance.fr\/index.php?rest_route=\/wp\/v2\/product\/9093","targetHints":{"allow":["GET"]}}],"collection":[{"href":"https:\/\/lortance.fr\/index.php?rest_route=\/wp\/v2\/product"}],"about":[{"href":"https:\/\/lortance.fr\/index.php?rest_route=\/wp\/v2\/types\/product"}],"wp:featuredmedia":[{"embeddable":true,"href":"https:\/\/lortance.fr\/index.php?rest_route=\/wp\/v2\/media\/9095"}],"wp:attachment":[{"href":"https:\/\/lortance.fr\/index.php?rest_route=%2Fwp%2Fv2%2Fmedia&parent=9093"}],"wp:term":[{"taxonomy":"product_brand","embeddable":true,"href":"https:\/\/lortance.fr\/index.php?rest_route=%2Fwp%2Fv2%2Fproduct_brand&post=9093"},{"taxonomy":"product_cat","embeddable":true,"href":"https:\/\/lortance.fr\/index.php?rest_route=%2Fwp%2Fv2%2Fproduct_cat&post=9093"},{"taxonomy":"product_tag","embeddable":true,"href":"https:\/\/lortance.fr\/index.php?rest_route=%2Fwp%2Fv2%2Fproduct_tag&post=9093"}],"curies":[{"name":"wp","href":"https:\/\/api.w.org\/{rel}","templated":true}]}}